
{"id":368,"date":"2017-08-22T16:46:44","date_gmt":"2017-08-22T14:46:44","guid":{"rendered":"https:\/\/www.drhv06.de\/?page_id=368"},"modified":"2024-09-06T17:30:49","modified_gmt":"2024-09-06T16:30:49","slug":"impressum","status":"publish","type":"page","link":"https:\/\/dessounds.ddnss.de\/drhv06\/impressum\/","title":{"rendered":"Impressum"},"content":{"rendered":"<div class=\"wpb-content-wrapper\"><p>[vc_row][vc_column][vc_row_inner][vc_column_inner width=&#8220;1\/2&#8243;][vc_column_text]<\/p>\n<table>\n<tbody>\n<tr>\n<th style=\"vertical-align: top;\"><strong>Anschrift:<\/strong><\/th>\n<td>DRHV 06 e.V<br \/>\nZeppelinstr. 10<br \/>\n06847 Dessau-Ro\u00dflau<\/td>\n<\/tr>\n<tr>\n<th><strong>Telefon:<\/strong><\/th>\n<td>\u00a0+49 (0) 340 51\u00a073 21<\/td>\n<\/tr>\n<tr>\n<th><strong>Telefax:<\/strong><\/th>\n<td>\u00a0+49 (0) 340 57 10 860<\/td>\n<\/tr>\n<tr>\n<th><strong>E-Mail:<\/strong><\/th>\n<td><a href=\"mailto:info@drhv06.de\" target=\"_blank\" rel=\"noopener noreferrer\">info@drhv06.de<\/a><br \/>\n<a href=\"https:\/\/www.drhv06.de\/der-verein\/kontakt\/\" target=\"_blank\" rel=\"noopener noreferrer\">Kontaktformular<\/a><\/td>\n<\/tr>\n<tr>\n<th><strong>Internet:<\/strong><\/th>\n<td><a href=\"http:\/\/drhv06.de\">drhv06.de<\/a><\/td>\n<\/tr>\n<\/tbody>\n<\/table>\n<p>[\/vc_column_text]<div class=\"ult-spacer spacer-69d006fc4c8a2\" data-id=\"69d006fc4c8a2\" data-height=\"10\" data-height-mobile=\"10\" data-height-tab=\"10\" data-height-tab-portrait=\"\" data-height-mobile-landscape=\"\" style=\"clear:both;display:block;\"><\/div>[vc_column_text]<a href=\"https:\/\/www.drhv06.de\/datenschutzerklaerung\/\" target=\"_blank\" rel=\"noopener noreferrer\">Datenschutzerkl\u00e4rung<\/a><br \/>\n<a href=\"https:\/\/www.drhv06.de\/allgemeine-ticket-geschaeftsbedingungen\/\" target=\"_blank\" rel=\"noopener noreferrer\">Allgemeine Ticket-Gesch\u00e4ftsbedingungen<\/a><br \/>\n<a href=\"https:\/\/www.drhv06.de\/teilnahmebedingungen-fuer-social-media-gewinnspiele\/\">Teilnahmebedingungen f\u00fcr Social-Media-Gewinnspiele<\/a>[\/vc_column_text][\/vc_column_inner][vc_column_inner width=&#8220;1\/2&#8243;][vc_column_text]<\/p>\n<table>\n<tbody>\n<tr>\n<td><strong>Tr\u00e4gergesellschaft<\/strong><\/td>\n<td>Sport Marketing Dessau-Ro\u00dflau GmbH<\/td>\n<\/tr>\n<tr>\n<td><strong>Ansprechpartner<\/strong><\/td>\n<td>Sebastian Glock<\/td>\n<\/tr>\n<tr>\n<td><strong>Kontakt:<\/strong><\/td>\n<td>glock@drhv06.de<\/td>\n<\/tr>\n<\/tbody>\n<\/table>\n<p>[\/vc_column_text][vc_column_text css=&#8220;&#8220;]<\/p>\n<table style=\"width: 64.0471%; height: 88px;\">\n<tbody>\n<tr style=\"height: 44px;\">\n<th style=\"width: 42.094%; height: 44px;\"><strong>verantwortlich f\u00fcr den Inhalt:<\/strong><\/th>\n<td style=\"width: 56.1966%; height: 44px;\">Dessau-Ro\u00dflauer HV von 2006 e.V.<br \/>\nSPORT Marketing Dessau-Ro\u00dflau GmbH<\/td>\n<\/tr>\n<tr style=\"height: 22px;\">\n<th style=\"vertical-align: top; width: 42.094%; height: 22px;\"><strong>Web-Programmierung:<\/strong><\/th>\n<td style=\"width: 56.1966%; height: 22px;\"><a href=\"dittmann@drhv06.de\" target=\"_blank\" rel=\"noopener\">Stephan Dittmann<\/a><\/td>\n<\/tr>\n<\/tbody>\n<\/table>\n<p>[\/vc_column_text][\/vc_column_inner][\/vc_row_inner][\/vc_column][\/vc_row][vc_row][vc_column]<div class=\"ult-spacer spacer-69d006fc4c8f2\" data-id=\"69d006fc4c8f2\" data-height=\"40\" data-height-mobile=\"40\" data-height-tab=\"40\" data-height-tab-portrait=\"\" data-height-mobile-landscape=\"\" style=\"clear:both;display:block;\"><\/div>[\/vc_column][\/vc_row][vc_row][vc_column width=&#8220;1\/2&#8243;][vc_column_text]<\/p>\n<h2 id=\"m153\">Vertretungsberechtigte<\/h2>\n<p><strong>Vertretungsberechtigt<\/strong>: Sebastian Glock (Gesch\u00e4ftsf\u00fchrer)<\/p>\n<h2 id=\"m154\">Journalistisch-redaktionelle Angebote<\/h2>\n<p><strong>Inhaltlich verantwortlich<\/strong>: Sebastian Glock (Adresse wie oben)[\/vc_column_text][\/vc_column][vc_column width=&#8220;1\/2&#8243;][vc_column_text]<\/p>\n<h2 id=\"m58\">Angaben zum Unternehmen<\/h2>\n<p><strong>Umsatzsteuer Identifikationsnummer (USt-ID)<\/strong>: DE268939276<\/p>\n<h2 id=\"m151\">Register und Registernummer<\/h2>\n<p>Handelsregister<br \/>\n<strong>Gef\u00fchrt bei<\/strong>: Handelsregister Stendal<br \/>\n<strong>Nummer<\/strong>: 9982[\/vc_column_text][\/vc_column][\/vc_row][vc_row][vc_column]<div class=\"ult-spacer spacer-69d006fc4c91d\" data-id=\"69d006fc4c91d\" data-height=\"20\" data-height-mobile=\"20\" data-height-tab=\"20\" data-height-tab-portrait=\"\" data-height-mobile-landscape=\"\" style=\"clear:both;display:block;\"><\/div>[vc_column_text]<\/p>\n<h2 id=\"m65\">Haftungs- und Urheberrechtshinweise<\/h2>\n<p><strong>Haftungsausschluss<\/strong>: Die Inhalte dieses Onlineangebotes wurden sorgf\u00e4ltig und nach unserem aktuellen Kenntnisstand erstellt, dienen jedoch nur der Information und entfalten keine rechtlich bindende Wirkung, sofern es sich nicht um gesetzlich verpflichtende Informationen (z.B. das Impressum, die Datenschutzerkl\u00e4rung, AGB oder Widerrufsbelehrungen f\u00fcr Verbraucher) handelt. Wir behalten uns vor, die Inhalte vollst\u00e4ndig oder teilweise zu \u00e4ndern oder zu l\u00f6schen, soweit vertragliche Verpflichtungen unber\u00fchrt bleiben. Alle Angebote sind freibleibend und unverbindlich.<\/p>\n<p><strong>Links auf fremde Webseiten<\/strong>: Inhalte fremder Webseiten, auf die wir direkt oder indirekt verweisen, liegen au\u00dferhalb unseres Verantwortungsbereiches und machen wir uns nicht zu Eigen. F\u00fcr alle Inhalte und insbesondere f\u00fcr Sch\u00e4den, die aus der Nutzung der in den verlinkten Webseiten aufrufbaren Informationen entstehen, haftet allein der Anbieter der verlinkten Webseiten.<\/p>\n<p><strong>Urheberrechte und Markenrechte<\/strong>: Alle auf dieser Website dargestellten Inhalte, wie Texte, Fotografien, Grafiken, Marken und Warenzeichen sind durch die jeweiligen Schutzrechte (Urheberrechte, Markenrechte) gesch\u00fctzt. Die Verwendung, Vervielf\u00e4ltigung usw. unterliegen unseren Rechten oder den Rechten der jeweiligen Urheber bzw. Rechteverwalter.<\/p>\n<h2 id=\"m169\">Bildnachweise<\/h2>\n<h3><strong>Bildquellen und Urheberrechtshinweise<\/strong>:<\/h3>\n<p>Bilder u.a: Rainer Justen, Marian Storch, Steve L\u00f6ser<\/p>\n<p class=\"seal\"><a title=\"Rechtstext von Dr. Schwenke - f\u00fcr weitere Informationen bitte anklicken.\" href=\"https:\/\/datenschutz-generator.de\/?l=de\" target=\"_blank\" rel=\"noopener noreferrer\">Erstellt mit Datenschutz-Generator.de von Dr. jur. Thomas Schwenke<\/a><\/p>\n<p>[\/vc_column_text][\/vc_column][\/vc_row]<\/p>\n<\/div>","protected":false},"excerpt":{"rendered":"<p>[vc_row][vc_column][vc_row_inner][vc_column_inner width=&#8220;1\/2&#8243;][vc_column_text] Anschrift: DRHV 06 e.V Zeppelinstr. 10 06847 Dessau-Ro\u00dflau Telefon: \u00a0+49 (0) 340 51\u00a073 21 Telefax: \u00a0+49 (0) 340 57 10 860 E-Mail: info@drhv06.de Kontaktformular Internet: drhv06.de [\/vc_column_text][vc_column_text]Datenschutzerkl\u00e4rung Allgemeine Ticket-Gesch\u00e4ftsbedingungen Teilnahmebedingungen f\u00fcr Social-Media-Gewinnspiele[\/vc_column_text][\/vc_column_inner][vc_column_inner width=&#8220;1\/2&#8243;][vc_column_text] Tr\u00e4gergesellschaft Sport Marketing Dessau-Ro\u00dflau GmbH Ansprechpartner Sebastian Glock Kontakt: glock@drhv06.de [\/vc_column_text][vc_column_text css=&#8220;&#8220;] verantwortlich f\u00fcr den Inhalt: Dessau-Ro\u00dflauer HV von 2006&hellip;<\/p>\n","protected":false},"author":1,"featured_media":0,"parent":0,"menu_order":0,"comment_status":"closed","ping_status":"closed","template":"","meta":{"_acf_changed":false,"footnotes":""},"class_list":["post-368","page","type-page","status-publish","hentry","description-off"],"acf":[],"_links":{"self":[{"href":"https:\/\/dessounds.ddnss.de\/drhv06\/wp-json\/wp\/v2\/pages\/368","targetHints":{"allow":["GET"]}}],"collection":[{"href":"https:\/\/dessounds.ddnss.de\/drhv06\/wp-json\/wp\/v2\/pages"}],"about":[{"href":"https:\/\/dessounds.ddnss.de\/drhv06\/wp-json\/wp\/v2\/types\/page"}],"author":[{"embeddable":true,"href":"https:\/\/dessounds.ddnss.de\/drhv06\/wp-json\/wp\/v2\/users\/1"}],"replies":[{"embeddable":true,"href":"https:\/\/dessounds.ddnss.de\/drhv06\/wp-json\/wp\/v2\/comments?post=368"}],"version-history":[{"count":0,"href":"https:\/\/dessounds.ddnss.de\/drhv06\/wp-json\/wp\/v2\/pages\/368\/revisions"}],"wp:attachment":[{"href":"https:\/\/dessounds.ddnss.de\/drhv06\/wp-json\/wp\/v2\/media?parent=368"}],"curies":[{"name":"wp","href":"https:\/\/api.w.org\/{rel}","templated":true}]}}